{"id":308,"date":"2024-10-24T13:39:00","date_gmt":"2024-10-24T13:39:00","guid":{"rendered":"https:\/\/spfanker.ch\/?page_id=308"},"modified":"2025-02-19T16:29:00","modified_gmt":"2025-02-19T16:29:00","slug":"marte-meo","status":"publish","type":"page","link":"https:\/\/spfanker.ch\/?page_id=308","title":{"rendered":"Marte-Meo"},"content":{"rendered":"\n<p>Seit 2023 setze ich die Marte-Meo-Methode als Familienbegleiterin ein, zuerst w\u00e4hrend meiner Ausbildung und ab Mai 2024 als Marte-Meo-Therapeutin.<\/p>\n\n\n\n<p>Die Begleitung mit Marte-Meo von Familien begeisterte mich von Anfang an sehr. Der Fokus liegt auf den verschiedenen Marte-Meo-Elementen (wie zum Beispiel Schritt-f\u00fcr-Schritt-Aneitung, den Initiativen folgen, Wertsch\u00e4tzung oder Benennen) und der Interaktionsanalyse.<\/p>\n\n\n\n<p>Ich konnte in kleinsten Schritten in den Video-Ausschnitten den M\u00fcttern zeigen, wo und wie die positiven Interaktionen gelingen und welche Bedeutung diese f\u00fcr die gelingende Entwicklung ihres Kindes haben. Ich war ber\u00fchrt, wie h\u00e4ufig die Eltern sich \u00fcber ihre Kinder freuen konnten und gest\u00e4rkt mit einem neuen Selbstbewusstsein als Mutter auftreten konnten.<\/p>\n\n\n\n<p>Ich setze diese Methode gern im Rahmen der Familienbegleitung ein.<\/p>\n\n\n\n<p>Andererseits biete ich diese Methode auch in einem Coaching an.<\/p>\n\n\n\n<h1 class=\"wp-block-heading has-large-font-size\" style=\"font-style:normal;font-weight:400\">Was ist Marte Meo?<\/h1>\n\n\n\n<p>Marte Meo bedeutet sinngem\u00e4ss \u00abaus eigener Kraft\u00bb. Marte Meo ist eine Methode, die zwischenmenschliche Interaktion und Kommunikation unterst\u00fctzt und f\u00f6rdert.<br>Kleinste Filmausschnitte aus allt\u00e4glichen Situationen werden f\u00fcr die Beratung genutzt. Im Mittelpunkt steht die Qualit\u00e4t der einzelnen Interaktionen. Gelingende Momente werden ausgew\u00e4hlt und pr\u00e4sentiert, um eine Entwicklung anzuregen und um das Gegen\u00fcber zu st\u00e4rken.<\/p>\n\n\n\n<p>Marte Meo wurde von Maria Aarts, Niederlande, in den 70er-Jahren entwickelt. Mit ihrer aussergew\u00f6hnlichen Beobachtungsgabe und ihrem Engagement f\u00fcr das Potenzial von Menschen, entwickelt sie zusammen mit Fachleuten des internationalen Marte Meo Netzwerkes die Methode laufend weiter.<\/p>\n\n\n\n<p><a href=\"http:\/\/www.martemeo.com\/\" target=\"_blank\" rel=\"noreferrer noopener\">www.martemeo.com<\/a><\/p>\n\n\n\n<p><\/p>\n","protected":false},"excerpt":{"rendered":"<p>Seit 2023 setze ich die Marte-Meo-Methode als Familienbegleiterin ein, zuerst w\u00e4hrend meiner Ausbildung und ab Mai 2024 als Marte-Meo-Therapeutin. Die [&hellip;]<\/p>\n","protected":false},"author":1,"featured_media":316,"parent":0,"menu_order":0,"comment_status":"closed","ping_status":"closed","template":"","meta":{"site-sidebar-layout":"default","site-content-layout":"","ast-site-content-layout":"default","site-content-style":"default","site-sidebar-style":"default","ast-global-header-display":"","ast-banner-title-visibility":"","ast-main-header-display":"","ast-hfb-above-header-display":"","ast-hfb-below-header-display":"","ast-hfb-mobile-header-display":"","site-post-title":"","ast-breadcrumbs-content":"","ast-featured-img":"","footer-sml-layout":"","ast-disable-related-posts":"","theme-transparent-header-meta":"","adv-header-id-meta":"","stick-header-meta":"","header-above-stick-meta":"","header-main-stick-meta":"","header-below-stick-meta":"","astra-migrate-meta-layouts":"default","ast-page-background-enabled":"default","ast-page-background-meta":{"desktop":{"background-color":"var(--ast-global-color-4)","background-image":"","background-repeat":"repeat","background-position":"center center","background-size":"auto","background-attachment":"scroll","background-type":"","background-media":"","overlay-type":"","overlay-color":"","overlay-opacity":"","overlay-gradient":""},"tablet":{"background-color":"","background-image":"","background-repeat":"repeat","background-position":"center center","background-size":"auto","background-attachment":"scroll","background-type":"","background-media":"","overlay-type":"","overlay-color":"","overlay-opacity":"","overlay-gradient":""},"mobile":{"background-color":"","background-image":"","background-repeat":"repeat","background-position":"center center","background-size":"auto","background-attachment":"scroll","background-type":"","background-media":"","overlay-type":"","overlay-color":"","overlay-opacity":"","overlay-gradient":""}},"ast-content-background-meta":{"desktop":{"background-color":"var(--ast-global-color-5)","background-image":"","background-repeat":"repeat","background-position":"center center","background-size":"auto","background-attachment":"scroll","background-type":"","background-media":"","overlay-type":"","overlay-color":"","overlay-opacity":"","overlay-gradient":""},"tablet":{"background-color":"var(--ast-global-color-5)","background-image":"","background-repeat":"repeat","background-position":"center center","background-size":"auto","background-attachment":"scroll","background-type":"","background-media":"","overlay-type":"","overlay-color":"","overlay-opacity":"","overlay-gradient":""},"mobile":{"background-color":"var(--ast-global-color-5)","background-image":"","background-repeat":"repeat","background-position":"center center","background-size":"auto","background-attachment":"scroll","background-type":"","background-media":"","overlay-type":"","overlay-color":"","overlay-opacity":"","overlay-gradient":""}},"footnotes":""},"class_list":["post-308","page","type-page","status-publish","has-post-thumbnail","hentry"],"yoast_head":"<!-- This site is optimized with the Yoast SEO plugin v26.8 - https:\/\/yoast.com\/product\/yoast-seo-wordpress\/ -->\n<title>Marte-Meo - SPF Anker<\/title>\n<meta name=\"robots\" content=\"index, follow, max-snippet:-1, max-image-preview:large, max-video-preview:-1\" \/>\n<link rel=\"canonical\" href=\"https:\/\/spfanker.ch\/?page_id=308\" \/>\n<meta property=\"og:locale\" content=\"de_DE\" \/>\n<meta property=\"og:type\" content=\"article\" \/>\n<meta property=\"og:title\" content=\"Marte-Meo - SPF Anker\" \/>\n<meta property=\"og:description\" content=\"Seit 2023 setze ich die Marte-Meo-Methode als Familienbegleiterin ein, zuerst w\u00e4hrend meiner Ausbildung und ab Mai 2024 als Marte-Meo-Therapeutin. Die [&hellip;]\" \/>\n<meta property=\"og:url\" content=\"https:\/\/spfanker.ch\/?page_id=308\" \/>\n<meta property=\"og:site_name\" content=\"SPF Anker\" \/>\n<meta property=\"article:modified_time\" content=\"2025-02-19T16:29:00+00:00\" \/>\n<meta property=\"og:image\" content=\"https:\/\/spfanker.ch\/wp-content\/uploads\/2024\/10\/IMG_9254-scaled.jpg\" \/>\n\t<meta property=\"og:image:width\" content=\"2390\" \/>\n\t<meta property=\"og:image:height\" content=\"2560\" \/>\n\t<meta property=\"og:image:type\" content=\"image\/jpeg\" \/>\n<meta name=\"twitter:card\" content=\"summary_large_image\" \/>\n<meta name=\"twitter:label1\" content=\"Gesch\u00e4tzte Lesezeit\" \/>\n\t<meta name=\"twitter:data1\" content=\"1\u00a0Minute\" \/>\n<script type=\"application\/ld+json\" class=\"yoast-schema-graph\">{\"@context\":\"https:\/\/schema.org\",\"@graph\":[{\"@type\":\"WebPage\",\"@id\":\"https:\/\/spfanker.ch\/?page_id=308\",\"url\":\"https:\/\/spfanker.ch\/?page_id=308\",\"name\":\"Marte-Meo - SPF Anker\",\"isPartOf\":{\"@id\":\"https:\/\/spfanker.ch\/#website\"},\"primaryImageOfPage\":{\"@id\":\"https:\/\/spfanker.ch\/?page_id=308#primaryimage\"},\"image\":{\"@id\":\"https:\/\/spfanker.ch\/?page_id=308#primaryimage\"},\"thumbnailUrl\":\"https:\/\/spfanker.ch\/wp-content\/uploads\/2024\/10\/IMG_9254-scaled.jpg\",\"datePublished\":\"2024-10-24T13:39:00+00:00\",\"dateModified\":\"2025-02-19T16:29:00+00:00\",\"breadcrumb\":{\"@id\":\"https:\/\/spfanker.ch\/?page_id=308#breadcrumb\"},\"inLanguage\":\"de-CH\",\"potentialAction\":[{\"@type\":\"ReadAction\",\"target\":[\"https:\/\/spfanker.ch\/?page_id=308\"]}]},{\"@type\":\"ImageObject\",\"inLanguage\":\"de-CH\",\"@id\":\"https:\/\/spfanker.ch\/?page_id=308#primaryimage\",\"url\":\"https:\/\/spfanker.ch\/wp-content\/uploads\/2024\/10\/IMG_9254-scaled.jpg\",\"contentUrl\":\"https:\/\/spfanker.ch\/wp-content\/uploads\/2024\/10\/IMG_9254-scaled.jpg\",\"width\":2390,\"height\":2560},{\"@type\":\"BreadcrumbList\",\"@id\":\"https:\/\/spfanker.ch\/?page_id=308#breadcrumb\",\"itemListElement\":[{\"@type\":\"ListItem\",\"position\":1,\"name\":\"Startseite\",\"item\":\"https:\/\/spfanker.ch\/\"},{\"@type\":\"ListItem\",\"position\":2,\"name\":\"Marte-Meo\"}]},{\"@type\":\"WebSite\",\"@id\":\"https:\/\/spfanker.ch\/#website\",\"url\":\"https:\/\/spfanker.ch\/\",\"name\":\"Sozialp\u00e4dagogische Familienbegleitung Anker\",\"description\":\"Sozialp\u00e4dagogische Familienbegleitung Anker\",\"publisher\":{\"@id\":\"https:\/\/spfanker.ch\/#organization\"},\"potentialAction\":[{\"@type\":\"SearchAction\",\"target\":{\"@type\":\"EntryPoint\",\"urlTemplate\":\"https:\/\/spfanker.ch\/?s={search_term_string}\"},\"query-input\":{\"@type\":\"PropertyValueSpecification\",\"valueRequired\":true,\"valueName\":\"search_term_string\"}}],\"inLanguage\":\"de-CH\"},{\"@type\":\"Organization\",\"@id\":\"https:\/\/spfanker.ch\/#organization\",\"name\":\"Sozialp\u00e4dagogische Familienbegleitung Anker\",\"url\":\"https:\/\/spfanker.ch\/\",\"logo\":{\"@type\":\"ImageObject\",\"inLanguage\":\"de-CH\",\"@id\":\"https:\/\/spfanker.ch\/#\/schema\/logo\/image\/\",\"url\":\"https:\/\/spfanker.ch\/wp-content\/uploads\/2024\/10\/Anker-Logo.png\",\"contentUrl\":\"https:\/\/spfanker.ch\/wp-content\/uploads\/2024\/10\/Anker-Logo.png\",\"width\":150,\"height\":150,\"caption\":\"Sozialp\u00e4dagogische Familienbegleitung Anker\"},\"image\":{\"@id\":\"https:\/\/spfanker.ch\/#\/schema\/logo\/image\/\"}}]}<\/script>\n<!-- \/ Yoast SEO plugin. -->","yoast_head_json":{"title":"Marte-Meo - SPF Anker","robots":{"index":"index","follow":"follow","max-snippet":"max-snippet:-1","max-image-preview":"max-image-preview:large","max-video-preview":"max-video-preview:-1"},"canonical":"https:\/\/spfanker.ch\/?page_id=308","og_locale":"de_DE","og_type":"article","og_title":"Marte-Meo - SPF Anker","og_description":"Seit 2023 setze ich die Marte-Meo-Methode als Familienbegleiterin ein, zuerst w\u00e4hrend meiner Ausbildung und ab Mai 2024 als Marte-Meo-Therapeutin. Die [&hellip;]","og_url":"https:\/\/spfanker.ch\/?page_id=308","og_site_name":"SPF Anker","article_modified_time":"2025-02-19T16:29:00+00:00","og_image":[{"width":2390,"height":2560,"url":"https:\/\/spfanker.ch\/wp-content\/uploads\/2024\/10\/IMG_9254-scaled.jpg","type":"image\/jpeg"}],"twitter_card":"summary_large_image","twitter_misc":{"Gesch\u00e4tzte Lesezeit":"1\u00a0Minute"},"schema":{"@context":"https:\/\/schema.org","@graph":[{"@type":"WebPage","@id":"https:\/\/spfanker.ch\/?page_id=308","url":"https:\/\/spfanker.ch\/?page_id=308","name":"Marte-Meo - SPF Anker","isPartOf":{"@id":"https:\/\/spfanker.ch\/#website"},"primaryImageOfPage":{"@id":"https:\/\/spfanker.ch\/?page_id=308#primaryimage"},"image":{"@id":"https:\/\/spfanker.ch\/?page_id=308#primaryimage"},"thumbnailUrl":"https:\/\/spfanker.ch\/wp-content\/uploads\/2024\/10\/IMG_9254-scaled.jpg","datePublished":"2024-10-24T13:39:00+00:00","dateModified":"2025-02-19T16:29:00+00:00","breadcrumb":{"@id":"https:\/\/spfanker.ch\/?page_id=308#breadcrumb"},"inLanguage":"de-CH","potentialAction":[{"@type":"ReadAction","target":["https:\/\/spfanker.ch\/?page_id=308"]}]},{"@type":"ImageObject","inLanguage":"de-CH","@id":"https:\/\/spfanker.ch\/?page_id=308#primaryimage","url":"https:\/\/spfanker.ch\/wp-content\/uploads\/2024\/10\/IMG_9254-scaled.jpg","contentUrl":"https:\/\/spfanker.ch\/wp-content\/uploads\/2024\/10\/IMG_9254-scaled.jpg","width":2390,"height":2560},{"@type":"BreadcrumbList","@id":"https:\/\/spfanker.ch\/?page_id=308#breadcrumb","itemListElement":[{"@type":"ListItem","position":1,"name":"Startseite","item":"https:\/\/spfanker.ch\/"},{"@type":"ListItem","position":2,"name":"Marte-Meo"}]},{"@type":"WebSite","@id":"https:\/\/spfanker.ch\/#website","url":"https:\/\/spfanker.ch\/","name":"Sozialp\u00e4dagogische Familienbegleitung Anker","description":"Sozialp\u00e4dagogische Familienbegleitung Anker","publisher":{"@id":"https:\/\/spfanker.ch\/#organization"},"potentialAction":[{"@type":"SearchAction","target":{"@type":"EntryPoint","urlTemplate":"https:\/\/spfanker.ch\/?s={search_term_string}"},"query-input":{"@type":"PropertyValueSpecification","valueRequired":true,"valueName":"search_term_string"}}],"inLanguage":"de-CH"},{"@type":"Organization","@id":"https:\/\/spfanker.ch\/#organization","name":"Sozialp\u00e4dagogische Familienbegleitung Anker","url":"https:\/\/spfanker.ch\/","logo":{"@type":"ImageObject","inLanguage":"de-CH","@id":"https:\/\/spfanker.ch\/#\/schema\/logo\/image\/","url":"https:\/\/spfanker.ch\/wp-content\/uploads\/2024\/10\/Anker-Logo.png","contentUrl":"https:\/\/spfanker.ch\/wp-content\/uploads\/2024\/10\/Anker-Logo.png","width":150,"height":150,"caption":"Sozialp\u00e4dagogische Familienbegleitung Anker"},"image":{"@id":"https:\/\/spfanker.ch\/#\/schema\/logo\/image\/"}}]}},"_links":{"self":[{"href":"https:\/\/spfanker.ch\/index.php?rest_route=\/wp\/v2\/pages\/308","targetHints":{"allow":["GET"]}}],"collection":[{"href":"https:\/\/spfanker.ch\/index.php?rest_route=\/wp\/v2\/pages"}],"about":[{"href":"https:\/\/spfanker.ch\/index.php?rest_route=\/wp\/v2\/types\/page"}],"author":[{"embeddable":true,"href":"https:\/\/spfanker.ch\/index.php?rest_route=\/wp\/v2\/users\/1"}],"replies":[{"embeddable":true,"href":"https:\/\/spfanker.ch\/index.php?rest_route=%2Fwp%2Fv2%2Fcomments&post=308"}],"version-history":[{"count":2,"href":"https:\/\/spfanker.ch\/index.php?rest_route=\/wp\/v2\/pages\/308\/revisions"}],"predecessor-version":[{"id":376,"href":"https:\/\/spfanker.ch\/index.php?rest_route=\/wp\/v2\/pages\/308\/revisions\/376"}],"wp:featuredmedia":[{"embeddable":true,"href":"https:\/\/spfanker.ch\/index.php?rest_route=\/wp\/v2\/media\/316"}],"wp:attachment":[{"href":"https:\/\/spfanker.ch\/index.php?rest_route=%2Fwp%2Fv2%2Fmedia&parent=308"}],"curies":[{"name":"wp","href":"https:\/\/api.w.org\/{rel}","templated":true}]}}