{"id":33,"date":"2024-10-17T15:35:07","date_gmt":"2024-10-17T15:35:07","guid":{"rendered":"https:\/\/spfanker.ch\/?page_id=33"},"modified":"2024-11-27T02:17:04","modified_gmt":"2024-11-27T02:17:04","slug":"ein-homepage-abschnitt","status":"publish","type":"page","link":"https:\/\/spfanker.ch\/?page_id=33","title":{"rendered":"SPF ambulant"},"content":{"rendered":"\n<p>\u201e<strong>Alltag meistern \u2013 Beziehungen st\u00e4rken\u201c<\/strong><\/p>\n\n\n\n<p>\u201e<strong>Den Zusammenhalt und das Wir-Gef\u00fchl in der Familie moblisieren, im Sinn von die Familie als sicheren Ort zu verstehen\u201c<\/strong><\/p>\n\n\n\n<p>Die Sozialp\u00e4dagogische Familienbegleitung Anker ist ein ambulantes Angebot f\u00fcr junge Mutter\/Eltern und Kind\/Kinder, welche selbst\u00e4ndig wohnen und sich in einer schwierigen Situation befinden. Durch die professionelle Unterst\u00fctzung erm\u00f6glichen wir autonomes, erf\u00fcllendes und gesundes Zusammenleben und verbessern die Lebensbedingungen f\u00fcr Mutter\/Eltern und Kind\/Kinder.<\/p>\n\n\n\n<p>Unser Ziel ist es, jungen Mutter\/Eltern in einer schwierigen Situation Unterst\u00fctzung, Entlastung, Kontinuit\u00e4t und Sicherheit zu bieten und dadurch eine positive Entwicklung zu erm\u00f6glichen. Die Sozialp\u00e4dagogische Familienbegleitung Anker richtet sich nach den Bed\u00fcrfnissen und den individuellen Zielen der Familie und den gemeinsam vereinbarten Auftr\u00e4gen der Kostentr\u00e4ger. Ein weiterer m\u00f6glicher Auftrag ist, die Kl\u00e4rung und Einsch\u00e4tzung der Situation von Mutter\/Eltern und Kind\/Kinder.<\/p>\n\n\n\n<p>Die Sozialp\u00e4dagogische Familienbegleitung Anker versteht sich als Erg\u00e4nzung zu anderen unterst\u00fctzenden Angeboten wie z.B. M\u00fctter-\/V\u00e4terberatung, psychotherapeutische Unterst\u00fctzung oder Angebote im Ausbildungs- beziehungsweise Arbeitsbereich. Der Sozialraumorientierte Gedanke ist uns sehr wichtig in der Begleitung von Familien.<\/p>\n\n\n\n<p><strong>Individuelle Ziele<\/strong><\/p>\n\n\n\n<p>M\u00f6gliche Bereiche der Unterst\u00fctzung:<\/p>\n\n\n\n<ul class=\"wp-block-list\">\n<li>Sozialer Bereich (Beziehungen zur Familie, Freunde, Arbeitskollegen)<\/li>\n\n\n\n<li>Pers\u00f6nlicher Bereich (Hygiene, Gesundheit, Ern\u00e4hrung)<\/li>\n\n\n\n<li>Elternkompetenzen (St\u00e4rkung der Mutterrolle\/Vaterrolle)<\/li>\n\n\n\n<li>Betreuung, Erziehung und Pfege des Kindes (L\u00f6sungen erarbeiten in Konflikten, Entwicklung eines konstruktiven Erziehungsverhaltens)<\/li>\n\n\n\n<li>Lebenspraktischer Bereich \/ Wohnkompetenz (z.B. Haushalt und Einkauf)<\/li>\n\n\n\n<li>Tagesstruktur \/ Ausbildung \/ Arbeitsplatz<\/li>\n\n\n\n<li>Administrativer Bereich (Budget erstellen, Rechnungen)<\/li>\n\n\n\n<li>Bereich Ausbildung und Arbeit<\/li>\n\n\n\n<li>punktuelle Begleitung in der Schwangerschaft<\/li>\n<\/ul>\n\n\n\n<p><\/p>\n\n\n\n<p><\/p>\n","protected":false},"excerpt":{"rendered":"<p>\u201eAlltag meistern \u2013 Beziehungen st\u00e4rken\u201c \u201eDen Zusammenhalt und das Wir-Gef\u00fchl in der Familie moblisieren, im Sinn von die Familie als [&hellip;]<\/p>\n","protected":false},"author":1,"featured_media":315,"parent":0,"menu_order":0,"comment_status":"closed","ping_status":"closed","template":"","meta":{"site-sidebar-layout":"default","site-content-layout":"","ast-site-content-layout":"default","site-content-style":"default","site-sidebar-style":"default","ast-global-header-display":"","ast-banner-title-visibility":"","ast-main-header-display":"","ast-hfb-above-header-display":"","ast-hfb-below-header-display":"","ast-hfb-mobile-header-display":"","site-post-title":"","ast-breadcrumbs-content":"","ast-featured-img":"","footer-sml-layout":"","ast-disable-related-posts":"","theme-transparent-header-meta":"","adv-header-id-meta":"","stick-header-meta":"","header-above-stick-meta":"","header-main-stick-meta":"","header-below-stick-meta":"","astra-migrate-meta-layouts":"default","ast-page-background-enabled":"default","ast-page-background-meta":{"desktop":{"background-color":"var(--ast-global-color-4)","background-image":"","background-repeat":"repeat","background-position":"center center","background-size":"auto","background-attachment":"scroll","background-type":"","background-media":"","overlay-type":"","overlay-color":"","overlay-opacity":"","overlay-gradient":""},"tablet":{"background-color":"","background-image":"","background-repeat":"repeat","background-position":"center center","background-size":"auto","background-attachment":"scroll","background-type":"","background-media":"","overlay-type":"","overlay-color":"","overlay-opacity":"","overlay-gradient":""},"mobile":{"background-color":"","background-image":"","background-repeat":"repeat","background-position":"center center","background-size":"auto","background-attachment":"scroll","background-type":"","background-media":"","overlay-type":"","overlay-color":"","overlay-opacity":"","overlay-gradient":""}},"ast-content-background-meta":{"desktop":{"background-color":"var(--ast-global-color-5)","background-image":"","background-repeat":"repeat","background-position":"center center","background-size":"auto","background-attachment":"scroll","background-type":"","background-media":"","overlay-type":"","overlay-color":"","overlay-opacity":"","overlay-gradient":""},"tablet":{"background-color":"var(--ast-global-color-5)","background-image":"","background-repeat":"repeat","background-position":"center center","background-size":"auto","background-attachment":"scroll","background-type":"","background-media":"","overlay-type":"","overlay-color":"","overlay-opacity":"","overlay-gradient":""},"mobile":{"background-color":"var(--ast-global-color-5)","background-image":"","background-repeat":"repeat","background-position":"center center","background-size":"auto","background-attachment":"scroll","background-type":"","background-media":"","overlay-type":"","overlay-color":"","overlay-opacity":"","overlay-gradient":""}},"footnotes":""},"class_list":["post-33","page","type-page","status-publish","has-post-thumbnail","hentry"],"yoast_head":"<!-- This site is optimized with the Yoast SEO plugin v26.8 - https:\/\/yoast.com\/product\/yoast-seo-wordpress\/ -->\n<title>SPF ambulant - SPF Anker<\/title>\n<meta name=\"robots\" content=\"index, follow, max-snippet:-1, max-image-preview:large, max-video-preview:-1\" \/>\n<link rel=\"canonical\" href=\"https:\/\/spfanker.ch\/?page_id=33\" \/>\n<meta property=\"og:locale\" content=\"de_DE\" \/>\n<meta property=\"og:type\" content=\"article\" \/>\n<meta property=\"og:title\" content=\"SPF ambulant - SPF Anker\" \/>\n<meta property=\"og:description\" content=\"\u201eAlltag meistern \u2013 Beziehungen st\u00e4rken\u201c \u201eDen Zusammenhalt und das Wir-Gef\u00fchl in der Familie moblisieren, im Sinn von die Familie als [&hellip;]\" \/>\n<meta property=\"og:url\" content=\"https:\/\/spfanker.ch\/?page_id=33\" \/>\n<meta property=\"og:site_name\" content=\"SPF Anker\" \/>\n<meta property=\"article:modified_time\" content=\"2024-11-27T02:17:04+00:00\" \/>\n<meta property=\"og:image\" content=\"https:\/\/spfanker.ch\/wp-content\/uploads\/2024\/10\/IMG_9352-scaled.jpg\" \/>\n\t<meta property=\"og:image:width\" content=\"2560\" \/>\n\t<meta property=\"og:image:height\" content=\"1920\" \/>\n\t<meta property=\"og:image:type\" content=\"image\/jpeg\" \/>\n<meta name=\"twitter:card\" content=\"summary_large_image\" \/>\n<meta name=\"twitter:label1\" content=\"Gesch\u00e4tzte Lesezeit\" \/>\n\t<meta name=\"twitter:data1\" content=\"1\u00a0Minute\" \/>\n<script type=\"application\/ld+json\" class=\"yoast-schema-graph\">{\"@context\":\"https:\/\/schema.org\",\"@graph\":[{\"@type\":\"WebPage\",\"@id\":\"https:\/\/spfanker.ch\/?page_id=33\",\"url\":\"https:\/\/spfanker.ch\/?page_id=33\",\"name\":\"SPF ambulant - SPF Anker\",\"isPartOf\":{\"@id\":\"https:\/\/spfanker.ch\/#website\"},\"primaryImageOfPage\":{\"@id\":\"https:\/\/spfanker.ch\/?page_id=33#primaryimage\"},\"image\":{\"@id\":\"https:\/\/spfanker.ch\/?page_id=33#primaryimage\"},\"thumbnailUrl\":\"https:\/\/spfanker.ch\/wp-content\/uploads\/2024\/10\/IMG_9352-scaled.jpg\",\"datePublished\":\"2024-10-17T15:35:07+00:00\",\"dateModified\":\"2024-11-27T02:17:04+00:00\",\"breadcrumb\":{\"@id\":\"https:\/\/spfanker.ch\/?page_id=33#breadcrumb\"},\"inLanguage\":\"de-CH\",\"potentialAction\":[{\"@type\":\"ReadAction\",\"target\":[\"https:\/\/spfanker.ch\/?page_id=33\"]}]},{\"@type\":\"ImageObject\",\"inLanguage\":\"de-CH\",\"@id\":\"https:\/\/spfanker.ch\/?page_id=33#primaryimage\",\"url\":\"https:\/\/spfanker.ch\/wp-content\/uploads\/2024\/10\/IMG_9352-scaled.jpg\",\"contentUrl\":\"https:\/\/spfanker.ch\/wp-content\/uploads\/2024\/10\/IMG_9352-scaled.jpg\",\"width\":2560,\"height\":1920},{\"@type\":\"BreadcrumbList\",\"@id\":\"https:\/\/spfanker.ch\/?page_id=33#breadcrumb\",\"itemListElement\":[{\"@type\":\"ListItem\",\"position\":1,\"name\":\"Startseite\",\"item\":\"https:\/\/spfanker.ch\/\"},{\"@type\":\"ListItem\",\"position\":2,\"name\":\"SPF ambulant\"}]},{\"@type\":\"WebSite\",\"@id\":\"https:\/\/spfanker.ch\/#website\",\"url\":\"https:\/\/spfanker.ch\/\",\"name\":\"Sozialp\u00e4dagogische Familienbegleitung Anker\",\"description\":\"Sozialp\u00e4dagogische Familienbegleitung Anker\",\"publisher\":{\"@id\":\"https:\/\/spfanker.ch\/#organization\"},\"potentialAction\":[{\"@type\":\"SearchAction\",\"target\":{\"@type\":\"EntryPoint\",\"urlTemplate\":\"https:\/\/spfanker.ch\/?s={search_term_string}\"},\"query-input\":{\"@type\":\"PropertyValueSpecification\",\"valueRequired\":true,\"valueName\":\"search_term_string\"}}],\"inLanguage\":\"de-CH\"},{\"@type\":\"Organization\",\"@id\":\"https:\/\/spfanker.ch\/#organization\",\"name\":\"Sozialp\u00e4dagogische Familienbegleitung Anker\",\"url\":\"https:\/\/spfanker.ch\/\",\"logo\":{\"@type\":\"ImageObject\",\"inLanguage\":\"de-CH\",\"@id\":\"https:\/\/spfanker.ch\/#\/schema\/logo\/image\/\",\"url\":\"https:\/\/spfanker.ch\/wp-content\/uploads\/2024\/10\/Anker-Logo.png\",\"contentUrl\":\"https:\/\/spfanker.ch\/wp-content\/uploads\/2024\/10\/Anker-Logo.png\",\"width\":150,\"height\":150,\"caption\":\"Sozialp\u00e4dagogische Familienbegleitung Anker\"},\"image\":{\"@id\":\"https:\/\/spfanker.ch\/#\/schema\/logo\/image\/\"}}]}<\/script>\n<!-- \/ Yoast SEO plugin. -->","yoast_head_json":{"title":"SPF ambulant - SPF Anker","robots":{"index":"index","follow":"follow","max-snippet":"max-snippet:-1","max-image-preview":"max-image-preview:large","max-video-preview":"max-video-preview:-1"},"canonical":"https:\/\/spfanker.ch\/?page_id=33","og_locale":"de_DE","og_type":"article","og_title":"SPF ambulant - SPF Anker","og_description":"\u201eAlltag meistern \u2013 Beziehungen st\u00e4rken\u201c \u201eDen Zusammenhalt und das Wir-Gef\u00fchl in der Familie moblisieren, im Sinn von die Familie als [&hellip;]","og_url":"https:\/\/spfanker.ch\/?page_id=33","og_site_name":"SPF Anker","article_modified_time":"2024-11-27T02:17:04+00:00","og_image":[{"width":2560,"height":1920,"url":"https:\/\/spfanker.ch\/wp-content\/uploads\/2024\/10\/IMG_9352-scaled.jpg","type":"image\/jpeg"}],"twitter_card":"summary_large_image","twitter_misc":{"Gesch\u00e4tzte Lesezeit":"1\u00a0Minute"},"schema":{"@context":"https:\/\/schema.org","@graph":[{"@type":"WebPage","@id":"https:\/\/spfanker.ch\/?page_id=33","url":"https:\/\/spfanker.ch\/?page_id=33","name":"SPF ambulant - SPF Anker","isPartOf":{"@id":"https:\/\/spfanker.ch\/#website"},"primaryImageOfPage":{"@id":"https:\/\/spfanker.ch\/?page_id=33#primaryimage"},"image":{"@id":"https:\/\/spfanker.ch\/?page_id=33#primaryimage"},"thumbnailUrl":"https:\/\/spfanker.ch\/wp-content\/uploads\/2024\/10\/IMG_9352-scaled.jpg","datePublished":"2024-10-17T15:35:07+00:00","dateModified":"2024-11-27T02:17:04+00:00","breadcrumb":{"@id":"https:\/\/spfanker.ch\/?page_id=33#breadcrumb"},"inLanguage":"de-CH","potentialAction":[{"@type":"ReadAction","target":["https:\/\/spfanker.ch\/?page_id=33"]}]},{"@type":"ImageObject","inLanguage":"de-CH","@id":"https:\/\/spfanker.ch\/?page_id=33#primaryimage","url":"https:\/\/spfanker.ch\/wp-content\/uploads\/2024\/10\/IMG_9352-scaled.jpg","contentUrl":"https:\/\/spfanker.ch\/wp-content\/uploads\/2024\/10\/IMG_9352-scaled.jpg","width":2560,"height":1920},{"@type":"BreadcrumbList","@id":"https:\/\/spfanker.ch\/?page_id=33#breadcrumb","itemListElement":[{"@type":"ListItem","position":1,"name":"Startseite","item":"https:\/\/spfanker.ch\/"},{"@type":"ListItem","position":2,"name":"SPF ambulant"}]},{"@type":"WebSite","@id":"https:\/\/spfanker.ch\/#website","url":"https:\/\/spfanker.ch\/","name":"Sozialp\u00e4dagogische Familienbegleitung Anker","description":"Sozialp\u00e4dagogische Familienbegleitung Anker","publisher":{"@id":"https:\/\/spfanker.ch\/#organization"},"potentialAction":[{"@type":"SearchAction","target":{"@type":"EntryPoint","urlTemplate":"https:\/\/spfanker.ch\/?s={search_term_string}"},"query-input":{"@type":"PropertyValueSpecification","valueRequired":true,"valueName":"search_term_string"}}],"inLanguage":"de-CH"},{"@type":"Organization","@id":"https:\/\/spfanker.ch\/#organization","name":"Sozialp\u00e4dagogische Familienbegleitung Anker","url":"https:\/\/spfanker.ch\/","logo":{"@type":"ImageObject","inLanguage":"de-CH","@id":"https:\/\/spfanker.ch\/#\/schema\/logo\/image\/","url":"https:\/\/spfanker.ch\/wp-content\/uploads\/2024\/10\/Anker-Logo.png","contentUrl":"https:\/\/spfanker.ch\/wp-content\/uploads\/2024\/10\/Anker-Logo.png","width":150,"height":150,"caption":"Sozialp\u00e4dagogische Familienbegleitung Anker"},"image":{"@id":"https:\/\/spfanker.ch\/#\/schema\/logo\/image\/"}}]}},"_links":{"self":[{"href":"https:\/\/spfanker.ch\/index.php?rest_route=\/wp\/v2\/pages\/33","targetHints":{"allow":["GET"]}}],"collection":[{"href":"https:\/\/spfanker.ch\/index.php?rest_route=\/wp\/v2\/pages"}],"about":[{"href":"https:\/\/spfanker.ch\/index.php?rest_route=\/wp\/v2\/types\/page"}],"author":[{"embeddable":true,"href":"https:\/\/spfanker.ch\/index.php?rest_route=\/wp\/v2\/users\/1"}],"replies":[{"embeddable":true,"href":"https:\/\/spfanker.ch\/index.php?rest_route=%2Fwp%2Fv2%2Fcomments&post=33"}],"version-history":[{"count":9,"href":"https:\/\/spfanker.ch\/index.php?rest_route=\/wp\/v2\/pages\/33\/revisions"}],"predecessor-version":[{"id":327,"href":"https:\/\/spfanker.ch\/index.php?rest_route=\/wp\/v2\/pages\/33\/revisions\/327"}],"wp:featuredmedia":[{"embeddable":true,"href":"https:\/\/spfanker.ch\/index.php?rest_route=\/wp\/v2\/media\/315"}],"wp:attachment":[{"href":"https:\/\/spfanker.ch\/index.php?rest_route=%2Fwp%2Fv2%2Fmedia&parent=33"}],"curies":[{"name":"wp","href":"https:\/\/api.w.org\/{rel}","templated":true}]}}